{"id":439,"date":"2014-09-07T05:49:58","date_gmt":"2014-09-07T04:49:58","guid":{"rendered":"https:\/\/www.lepenven.com\/?page_id=439"},"modified":"2014-09-07T05:49:58","modified_gmt":"2014-09-07T04:49:58","slug":"penven","status":"publish","type":"page","link":"https:\/\/www.lepenven.com\/?page_id=439","title":{"rendered":"Penven"},"content":{"rendered":"<h4><span style=\"font-family: 'comic sans ms', sans-serif; font-size: 14pt;\">PENVEN Charles, Pierre, Marie<\/span><\/h4>\n<p>&nbsp;<\/p>\n<p><span style=\"font-family: 'comic sans ms', sans-serif; font-size: 12pt;\">fils de Jean Marie et de SEIGARD Marie<\/span><\/p>\n<p><span style=\"font-family: 'comic sans ms', sans-serif; font-size: 12pt;\">n\u00e9 le 20 novembre 1855 \u00e0 Cherbourg<\/span><\/p>\n<p><span style=\"font-family: 'comic sans ms', sans-serif; font-size: 12pt;\">Carri\u00e8re dans la marine d&rsquo;\u00c9tat<\/span><\/p>\n<p><span style=\"font-family: 'comic sans ms', sans-serif; font-size: 12pt;\">Mousse en 1867<\/span><\/p>\n<p><span style=\"font-family: 'comic sans ms', sans-serif; font-size: 12pt;\">Novice en 1871<\/span><\/p>\n<p><span style=\"font-family: 'comic sans ms', sans-serif; font-size: 12pt;\">A servi sur un b\u00e2timent de l&rsquo;\u00c9tat<\/span><\/p>\n<p><span style=\"font-family: 'comic sans ms', sans-serif; font-size: 12pt;\">Vie professionnelle<\/span><\/p>\n<p><span style=\"font-family: 'comic sans ms', sans-serif; font-size: 12pt;\">Premi\u00e8re mention d&rsquo;activit\u00e9 en 1867<\/span><\/p>\n<p><span style=\"font-family: 'comic sans ms', sans-serif; font-size: 12pt;\">Derni\u00e8re mention d&rsquo;activit\u00e9 en 1882<\/span><\/p>\n<p><span style=\"font-family: 'comic sans ms', sans-serif; font-size: 12pt;\">P\u00eache<\/span><\/p>\n<p><span style=\"font-family: 'comic sans ms', sans-serif; font-size: 12pt;\">Suivi dans l&rsquo;inscription maritime<\/span><\/p>\n<p><span style=\"font-family: 'comic sans ms', sans-serif; font-size: 12pt;\">Quartier : LA HOUGUE<\/span><\/p>\n<p><span style=\"font-family: 'comic sans ms', sans-serif; font-size: 12pt;\">Syndicat : LA HOUGUE<\/span><\/p>\n<p><span style=\"font-family: 'comic sans ms', sans-serif; font-size: 12pt;\">Premi\u00e8re inscription dans le quartier en 1867<\/span><\/p>\n<p><span style=\"font-family: 'comic sans ms', sans-serif; font-size: 12pt;\">Derni\u00e8re inscription dans le quartier en 1873<\/span><\/p>\n<p>&nbsp;<\/p>\n<p><span style=\"font-family: 'comic sans ms', sans-serif; font-size: 12pt;\">Je poss\u00e8de quelques photos de son parcours maritime des archives maritimes de Cherbourg. Je peux communiquer ces renseignements \u00e0 ses descendants.<\/span><\/p>\n<p><span style=\"font-family: 'comic sans ms', sans-serif; font-size: 12pt;\">Pour m&rsquo;\u00e9crire, cliquez sur <a title=\"Formulaire de contact\" href=\"https:\/\/www.lepenven.com\/?page_id=44\" target=\"_blank\">Andr\u00e9<\/a>.<\/span><\/p>\n","protected":false},"excerpt":{"rendered":"<p>PENVEN Charles, Pierre, Marie &nbsp; fils de Jean Marie et de SEIGARD Marie n\u00e9 le 20 novembre 1855 \u00e0 Cherbourg Carri\u00e8re dans la marine d&rsquo;\u00c9tat Mousse en 1867 Novice en [&hellip;]<\/p>\n","protected":false},"author":1,"featured_media":0,"parent":41,"menu_order":4,"comment_status":"closed","ping_status":"closed","template":"","meta":{"footnotes":""},"class_list":["post-439","page","type-page","status-publish","hentry"],"jetpack_sharing_enabled":true,"_links":{"self":[{"href":"https:\/\/www.lepenven.com\/index.php?rest_route=\/wp\/v2\/pages\/439","targetHints":{"allow":["GET"]}}],"collection":[{"href":"https:\/\/www.lepenven.com\/index.php?rest_route=\/wp\/v2\/pages"}],"about":[{"href":"https:\/\/www.lepenven.com\/index.php?rest_route=\/wp\/v2\/types\/page"}],"author":[{"embeddable":true,"href":"https:\/\/www.lepenven.com\/index.php?rest_route=\/wp\/v2\/users\/1"}],"replies":[{"embeddable":true,"href":"https:\/\/www.lepenven.com\/index.php?rest_route=%2Fwp%2Fv2%2Fcomments&post=439"}],"version-history":[{"count":1,"href":"https:\/\/www.lepenven.com\/index.php?rest_route=\/wp\/v2\/pages\/439\/revisions"}],"predecessor-version":[{"id":440,"href":"https:\/\/www.lepenven.com\/index.php?rest_route=\/wp\/v2\/pages\/439\/revisions\/440"}],"up":[{"embeddable":true,"href":"https:\/\/www.lepenven.com\/index.php?rest_route=\/wp\/v2\/pages\/41"}],"wp:attachment":[{"href":"https:\/\/www.lepenven.com\/index.php?rest_route=%2Fwp%2Fv2%2Fmedia&parent=439"}],"curies":[{"name":"wp","href":"https:\/\/api.w.org\/{rel}","templated":true}]}}